e -2*y - 65 = 43. Let k = y + 56. Suppose -k*a + 422 = -0*a. Is a a composite number?
False
Let g(n) = -n**3 + 2*n**2 + 2*n. Let v be g(-2). Suppose v*d = 6*d + 29334. Is d composite?
False
Let l be 2254/6*(4 - -98). Suppose 3*t = 3*z + 57474, 3*t - 4*z = t + l. Suppose -2*o - 3*b = -7583, -2*b - t + 190 = -5*o. Is o prime?
True
Suppose 18 = 6*q, 10*q - 670630 = -2*y + 14*q. Is y a prime number?
False
Suppose 0 = -3*n - 38 + 1562. Is n*((-77)/(-20) + 33/(-55)) composite?
True
Suppose -171*m + 65522913 = 3082776. Is m a composite number?
False
Let f(a) = 2*a - 29. Let w be f(17). Suppose -3*y - 5 + 23 = 4*n, -w*n + 23 = 4*y. Is n/(((-24)/1468)/(-2)) prime?
True
Suppose 0 = -4*x - 3*m + 11, 2*x + 2*m = 5 + 1. Suppose -2*o + x*s - 6 = 0, -2*o = -0*o - s + 1. Suppose -o*z + 139 = -831. Is z composite?
True
Suppose -40*n - 10454 = 45*n - 87*n. Is n a composite number?
False
Let v(x) = x**3 - 11*x**2 - 12*x - 3. Let z be v(12). Let s be (1*z/2)/(44/16280). Is s/6*(-8)/10 a composite number?
True
Suppose 6*u + 94 = -38. Let r be u/55 - (-62466)/15. Let s = r - 2699. Is s composite?
True
Suppose 0 = -4*f + 8*f - 2*h + 1602, f = -2*h - 403. Let s = 3510 + f. Is s composite?
False
Suppose -4*i - 30 + 18 = 0, 4*l + 3*i = 140115. Is l composite?
True
Let v = -36 + 38. Suppose 0*r + x = 2*r - 29930, 29942 = 2*r + v*x. Let o = 21034 - r. Is o a composite number?
False
Let m be ((-3)/2)/(5/(-40)). Suppose m*h = 9*h - 6. Is 743 + (3 + 5/h)*0 prime?
True
Suppose -253681 = -5*w + 4*l, -l - 251 = -w + 50485. Is w a prime number?
False
Suppose -3*u - 302351 = -4*s + 609848, 5*u - 228044 = -s. Is s a prime number?
True
Let i(z) = -3095*z - 2322*z + 0 - 4 - 10. Is i(-3) a prime number?
False
Let t = 26008 - 15347. Suppose 2*h - h - t = 0. Is h composite?
True
Let v(c) = -4 + 63 + 118*c + 22. Is v(6) a composite number?
True
Suppose 13*j - 17*j + 24 = 0. Suppose -5*v - 2*l = -1969, v - j*v + 1972 = l. Let q = v - 273. Is q prime?
False
Let n = 30 + -12. Suppose -n*o = -14*o - 1396. Suppose -7*m = -o - 1744. Is m prime?
False
Let k(u) = 3 - 2*u**2 + 2*u + 11*u + 9*u**2. Let c(z) = z**3 - 29*z**2 + 2*z - 51. Let o be c(29). Is k(o) a prime number?
False
Suppose y - 2*w = 4*y - 53521, w + 53506 = 3*y. Is y composite?
False
Suppose 2*r - 6 = -4, -r + 397 = 3*y. Suppose 2*x - y = -4*x. Suppose -636 = -26*n + x*n. Is n a composite number?
True
Is (-3 - (-207920)/(-15))*-12 - -9 prime?
False
Let n be (2 - (-28)/(-8))/((-1)/10). Let k(u) = 64*u**2 - 15*u + 22. Is k(n) prime?
True
Let i = 35033 - 21010. Is i composite?
True
Suppose -2*q + 3*z = -45, q + z = -z + 19. Suppose -20*n + q*n - 3 = 0. Suppose -4*f - 11553 = -5*j, -2*j = -6*j + n*f + 9242. Is j prime?
True
Is -2*29098015/(-18) + 6/81*3 a composite number?
True
Suppose 0 = -30*u + 35*u + 5*h - 609550, 2*u - 5*h = 243813. Is u composite?
False
Let t(g) = 3*g - 11 + 17 - 4*g + 0*g. Let z be t(4). Suppose 5*b - 139 = i - z*i, 4*i + b - 480 = 0. Is i prime?
False
Suppose 2*x - 4*o - 19722 = -0*x, o + 3 = 0. Suppose 8*f + x = 13*f. Let c = f + -910. Is c composite?
False
Let f be 2 + 17/(-7) + 1005997/161. Let x = f - 4355. Is x composite?
True
Is 12 + 46914930/180*2/3 prime?
False
Let i(j) = 713*j**3 - 10*j**2 + 21*j - 25. Is i(3) a composite number?
True
Let j = -39242 - -102847. Is j a prime number?
False
Suppose -4*n - 3*z + 517 = 35193, 0 = 2*n - 3*z + 17356. Let p = 2915 - n. Is p a composite number?
False
Let c = -4834 + 8183. Suppose -2*s = 2*d - 1232, -c + 289 = -5*s + 5*d. Is s a prime number?
False
Let s(k) = -1392*k**3 + 9*k**2 - 2*k + 1. Let p be s(3). Let q = -16515 - p. Is q a prime number?
False
Suppose -t - 57 = -5*l, 5*l + 5*t - 34 = 41. Suppose -l = -11*p + 9*p. Is -3*1 - (6072/p)/(-1) composite?
False
Let d(k) = 20*k**3 + 16*k**2 - 29*k + 81. Is d(8) a composite number?
False
Let j(v) = 17*v + 6 + 4 - v**3 - 4 + 9*v + 20*v**2. Let z(i) = 2*i**2 + 46*i - 80. Let b be z(-25). Is j(b) a composite number?
True
Suppose -2*o - 886454 = -27*o + 2385221. Is o a prime number?
False
Suppose 3*q = -i - 4, -4*i = -0*i - q - 10. Suppose f - 3*j + 1 = 0, f - 4*f = -4*j - i. Suppose 3*n = -5*a + 2503, f*a - 4*n - 14 = 1008. Is a prime?
True
Suppose -h = h + 5*n - 190, -4*n - 69 = -h. Suppose -95*o + 15270 = -h*o. Is o a prime number?
False
Let w(d) = -16*d**2 - 7*d + 0*d**2 + 17 + 6*d**3 - 7*d**3 + 4*d**2. Is w(-28) composite?
False
Let t(q) = 2*q**3 + q - 2. Let k be t(1). Let r(g) = 1938*g**2 - 10*g + 11. Is r(k) a prime number?
False
Suppose -3*y - 4*o + 3409107 = 0, -5*y = -9*o + 10*o - 5681879. Is y a prime number?
False
Let c = -46432 - -156725. Is c a composite number?
True
Let c(x) = -x**2 + 7*x - 3. Let j be c(5). Suppose -22843 = -j*a + 12066. Is a a composite number?
False
Let x = -340 - -337. Suppose -2 = -m, -4*q - m - 3 = q. Is (-8508)/(-36)*x/q composite?
False
Is (-1 - 4)*1 - (-3)/((-27)/(-414216)) prime?
False
Let i = 125 + -122. Suppose 0 = -2*r - i*u + 12077, -u + 5*u - 12074 = -2*r. Is r a composite number?
False
Let f = 338 - 331. Is ((-122983)/f)/((-5)/5) composite?
False
Is (-248395)/(-63) + 70/315 a prime number?
True
Suppose -3952*v + 3946*v = -3430038. Is v prime?
True
Let u = -23501 - -49149. Suppose -4*v - 3*a + 20513 = 0, 7*a - 4*a = 5*v - u. Is v composite?
True
Let p(f) = -2240*f - 1. Let h be p(-1). Suppose 21*g - 1037 = h. Let v = 710 - g. Is v a prime number?
False
Let t be (((-2)/2 + 1)/(-1))/1. Is (-23 - -4288)/(-1*(t - 1)) prime?
False
Let l be (-4 + -16)*(-14)/(-8). Let w = -332 - -200. Let h = l - w. Is h a composite number?
False
Let a = -171 - -183. Is 239666/35 + a/(-20) composite?
True
Let v(p) = p**3 + 3*p**2 - 15*p + 16. Let a(w) = 3*w + 5. Let k be a(-4). Let j be v(k). Let m = j - -149. Is m a composite number?
True
Let x(g) = -g**2 - 8*g + 70. Let k be x(-15). Is (-16)/56 + (-81665)/k a composite number?
False
Suppose 558*v - 288*v - 288*v = -5788242. Is v prime?
True
Let q be (0 - (-4741)/5) + (-12)/(-15). Suppose -10*l = -q - 6741. Is l composite?
False
Let m(q) = 11 + 10*q**2 + 10*q**2 + 5*q**3 - 4*q**3 - 25*q**2 - 11*q. Suppose -35 = -5*t + 25. Is m(t) prime?
True
Suppose 19*a = 14*a - 10345. Let k = -1008 - a. Is k a composite number?
False
Suppose -4*z + c = -1558510, 5*z + c = -335949 + 2284100. Is z prime?
True
Let z = 465 + -451. Suppose -48874 = -2*q + 4*n, -18*q + z*q - n = -97748. Is q composite?
True
Let g be (11/(-2))/(68/(-32) + 2). Let f = 43 - g. Is f/((-2)/74*2/2) a prime number?
True
Suppose 6*p - 2036 = 11*p + 4*h, -p = 3*h + 405. Suppose 0 = q - 4*d - 811, 5*q - q = d + 3244. Let s = p + q. Is s composite?
True
Let p(f) = 24*f**2 - 21*f - 12. Let k(a) = -a - 1. Let v be k(-16). Let m be p(v). Suppose 2*j + j - m = 0. Is j a composite number?
True
Let l(s) = -2*s + 3. Let f(x) = x - 2. Let c(j) = -9*f(j) - 4*l(j). Let u be c(4). Suppose 627 = u*a + a. Is a prime?
False
Suppose -n = -5*g + 6 - 4, -10 = 5*g. Is 4923/11 - n/(-22) prime?
False
Let c(j) = j**3 + 17*j**2 + 5*j + 101. Let y be c(-17). Suppose y*b = 11*b + 18735. Is b a prime number?
False
Let z = 28 - 23. Suppose 5 = z*s - 0*v - v, -5*s + 5*v = -25. Is (1 - s)*(-2221)/(-1) a composite number?
False
Let x(c) = 1357*c**2 + 5*c + 5. Let r be 9/15 - 0 - (-8)/(-5). Is x(r) composite?
True
Suppose -4*q = 4*a - 683968, -1446*a - 3*q = -1449*a + 513018. Is a a composite number?
True
Suppose -3*s - 2*h + 46376 = -26009, -24105 = -s - 4*h. Is s a prime number?
True
Suppose 0 = 4*c - 117 + 33. Suppose c*t - 32097 = 20*t. Suppose -t = -19*l - 3958. Is l composite?
False
Let c(z) = -425*z - 22. Let k be c(-2). Let m = -566 + k. Is m composite?
True
Let w(g) = 24*g**3 + 16*g**2 - 9*g + 14. Let f(k) = -48*k**3 - 31*k**2 + 17*k - 29. Let x(u) = -4*f(u) - 7*w(u). Is x(5) a prime number?
False
Suppose 2*t - 8 = 0, t - 1 = 4*f - 5. Suppose 3*v - 5*l - 2 = -28, -3*v + 2 = f*l. Is v*((-311)/6)/(7/63) composite?
True
Let s(b) = 125*b**3 + 6*b**2 - 8*b + 10. Let m be s(-6). Let o = -16697 - m. Is o prime?
False
Suppose -5*i - 2*g + 241225 = 0, 2*g + 2*g = i - 48267. Suppose -9*q + i = -10442. Is q composite?
False
Let t(q) = -q**3 - q**2 - q. Let u(d) = -3*d - 5. Let k be u(-2). Let l(o) = 313*o**3 - 7*o**2 - 8*o + 4. Let m(x) = k*l(x) - 5*t(x). Is m(1) composite?
False
Suppose 74*p - 5680933 = p. Is p a pri